{"id":5511,"date":"2021-07-16T17:03:03","date_gmt":"2021-07-16T15:03:03","guid":{"rendered":"https:\/\/kuramaster.com\/search\/?page_id=5455"},"modified":"2025-09-25T00:32:09","modified_gmt":"2025-09-24T22:32:09","slug":"kuramoto","status":"publish","type":"page","link":"https:\/\/kuramaster.com\/search\/fr\/kuramoto\/","title":{"rendered":"Kuramoto"},"content":{"rendered":"<ul class=\"sorter\">\n<li id=\"hsort\" class=\"asc\">Par ordre alphab\u00e9tique <\/li>\n<li id=\"vsort\">Par nombre de produits prim\u00e9s<\/li>\n<li id=\"qsort\">Par nombre de r\u00e9compenses<\/li>\n<\/ul>\n<ul>\n<li><small>( ) Nombre de produits prim\u00e9s<\/small><\/li>\n<li><small>[ ] Nombre de r\u00e9compenses<\/small><\/li>\n<\/ul>\n","protected":false},"excerpt":{"rendered":"<p>Par ordre alphab\u00e9tique Par nombre de produits prim\u00e9s Par nombre de r\u00e9compenses ( ) Nombre de produits prim\u00e9s [ [&hellip;]<\/p>\n","protected":false},"author":1,"featured_media":0,"parent":0,"menu_order":9,"comment_status":"closed","ping_status":"closed","template":"terms-kuramoto.php","meta":[],"tags":[],"lang":"fr","translations":{"fr":5511,"ja":5455},"pll_sync_post":[],"_links":{"self":[{"href":"https:\/\/kuramaster.com\/search\/wp-json\/wp\/v2\/pages\/5511"}],"collection":[{"href":"https:\/\/kuramaster.com\/search\/wp-json\/wp\/v2\/pages"}],"about":[{"href":"https:\/\/kuramaster.com\/search\/wp-json\/wp\/v2\/types\/page"}],"author":[{"embeddable":true,"href":"https:\/\/kuramaster.com\/search\/wp-json\/wp\/v2\/users\/1"}],"replies":[{"embeddable":true,"href":"https:\/\/kuramaster.com\/search\/wp-json\/wp\/v2\/comments?post=5511"}],"version-history":[{"count":11,"href":"https:\/\/kuramaster.com\/search\/wp-json\/wp\/v2\/pages\/5511\/revisions"}],"predecessor-version":[{"id":9195,"href":"https:\/\/kuramaster.com\/search\/wp-json\/wp\/v2\/pages\/5511\/revisions\/9195"}],"wp:attachment":[{"href":"https:\/\/kuramaster.com\/search\/wp-json\/wp\/v2\/media?parent=5511"}],"wp:term":[{"taxonomy":"post_tag","embeddable":true,"href":"https:\/\/kuramaster.com\/search\/wp-json\/wp\/v2\/tags?post=5511"}],"curies":[{"name":"wp","href":"https:\/\/api.w.org\/{rel}","templated":true}]}}