{"id":20859,"date":"2026-05-03T05:14:43","date_gmt":"2026-05-03T03:14:43","guid":{"rendered":"http:\/\/kuramaster.com\/search\/?page_id=20859"},"modified":"2026-05-11T01:23:21","modified_gmt":"2026-05-10T23:23:21","slug":"laureats-2026","status":"publish","type":"page","link":"https:\/\/kuramaster.com\/search\/fr\/wine\/laureats-2026\/","title":{"rendered":"Les laur\u00e9ats du concours Kura Master 2026 Vins Japonais"},"content":{"rendered":"<pre style=\"display:none\"><style>\r\n.notice{\r\n\tborder:1px solid #CC8262;\r\n\tpadding:2px 14px;margin-bottom:20px;\r\n}\r\nbody .entry .notice p{\r\n\tfont-size:14px;\tmargin:12px 0;\r\n\tline-height:18px;\r\n}\r\n<\/style>\r\n<script src=\"\/js\/tablesorter\/jquery.metadata.js\" type=\"text\/javascript\"><\/script>\r\n<script src=\"\/js\/tablesorter\/jquery.tablesorter.min.js\" type=\"text\/javascript\"><\/script>\r\n<script src=\"\/js\/jquery.highlight-5.js\" type=\"text\/javascript\"><\/script>\r\n<script src=\"\/js\/table-sort-search.js\" type=\"text\/javascript\"><\/script><\/pre>\n<p id=\"video_jury\" class=\"video\" style=\"margin-bottom:20px;\"><iframe loading=\"lazy\" width=\"900\" height=\"506\" src=\"https:\/\/www.youtube.com\/embed\/U6WoOD3EwJc?rel=0&#038;start=1840&#038;cc_load_policy=1&#038;enablejsapi=1\" frameborder=\"0\" allow=\"accelerometer; autoplay; encrypted-media; gyroscope; picture-in-picture\" allowfullscreen><\/iframe><\/p>\n<ul class=\"blocks col-2 columns-2 wine\" style=\"margin-bottom:0;display:block;\">\n<li><a href=\"#wine-president-2026\" class=\"notYet\">Vins japonais Prix du Pr\u00e9sident<\/a><\/li>\n<li><a href=\"#wine-jury-2026\" class=\"notYet\">Vins japonais Prix du Jury<\/a><\/li>\n<\/ul>\n<ul class=\"blocks col-4 columns-4 wine\">\n<li><a href=\"#koushuu-2026-platinum\">K\u014dsh\u016b : M\u00e9daille de Platine<\/a><\/li>\n<li><a href=\"#koushuu-2026-gold\">K\u014dsh\u016b : M\u00e9daille d\u2019Or<\/a><\/li>\n<li><a href=\"#muscat-bailey-a-2026-platinum\">Muscat Bailey A : M\u00e9daille de Platine<\/a><\/li>\n<li><a href=\"#muscat-bailey-a-2026-gold\">Muscat Bailey A : M\u00e9daille d\u2019Or<\/a><\/li>\n<\/ul>\n<div class=\"searchin-page margin-bottom-x2\">\n<input type=\"text\" id=\"search-word\"><input type=\"button\" onclick=\"doHighlight();\" value=\"Rechercher\" class=\"btn_search\"> <input type=\"button\" value=\"R\u00e9initialiser\" class=\"btn_reset\">\n<\/div>\n<p><!--[km_posts_category id=\"7231\" table=\"0\" year=\"2026\"]--><\/p>\n<p><!--[km_posts_category id=\"7272\" table=\"J\" year=\"2026\" bumon=\"1\" hide=\"0\"]--><\/p>\n<div class=\"km-category-wrap wine\">\n<h2 id=\"koushuu-2026-platinum\" class=\"km-category-title wine koushuu 2026 platinum\">K\u014dsh\u016b : M\u00e9daille de Platine 2026<\/h2>\n<table id=\"table4\" class=\"sortable  wine\">\n<thead>\n<tr>\n<th><span class=\"lang-fr\" title=\"par ordre alphab\u00e9tique\">Nom du sak\u00e9<\/span><span class=\"lang-ja\" title=\"\u30a2\u30eb\u30d5\u30a1\u30d9\u30c3\u30c8\u9806\">\u51fa\u54c1\u9152\u540d<\/span><\/th>\n<th><span class=\"lang-fr\" title=\"par ordre alphab\u00e9tique\">Kuramoto<\/span><span class=\"lang-ja\" title=\"\u30a2\u30eb\u30d5\u30a1\u30d9\u30c3\u30c8\u9806\">\u8535\u5143\u540d<\/span><\/th>\n<th class=\"{sorter:'metadata'}\"><span class=\"lang-fr\" title=\"par ordre alphab\u00e9tique\">Pr\u00e9fecture<\/span><span class=\"lang-ja\" title=\"\u770c\u756a\u53f7\u9806\">\u90fd\u9053\u5e9c\u770c<\/span><\/th>\n<\/tr>\n<\/thead>\n<tbody>\n<tr class=\"defaultclickable\"><th><a href=\"https:\/\/kuramaster.com\/search\/fr\/wine\/n4964044044894\"><span class=\"lang-fr\">Koshu Barrels2024<\/span><span class=\"lang-ja\">\u7532\u5dde\u30d0\u30ec\u30eb\u30ba2024<\/span><\/a><\/th><td><a href=\"https:\/\/kuramaster.com\/search\/fr\/kuramoto\/monde-winery-co-ltd-fr\/\" rel=\"tag\">Monde Winery<\/a><\/td><td class=\"{sortValue:'19'}\"><a href=\"https:\/\/kuramaster.com\/search\/fr\/region\/yamanashi\/\" rel=\"tag\">Yamanashi<\/a><\/td><\/tr><\/tbody><\/table>\n<\/div>\n\n<div class=\"km-category-wrap wine\">\n<h2 id=\"koushuu-2026-gold\" class=\"km-category-title wine koushuu 2026 gold\">K\u014dsh\u016b : M\u00e9daille d\u2019Or 2026<\/h2>\n<table id=\"table5\" class=\"sortable  wine\">\n<thead>\n<tr>\n<th><span class=\"lang-fr\" title=\"par ordre alphab\u00e9tique\">Nom du sak\u00e9<\/span><span class=\"lang-ja\" title=\"\u30a2\u30eb\u30d5\u30a1\u30d9\u30c3\u30c8\u9806\">\u51fa\u54c1\u9152\u540d<\/span><\/th>\n<th><span class=\"lang-fr\" title=\"par ordre alphab\u00e9tique\">Kuramoto<\/span><span class=\"lang-ja\" title=\"\u30a2\u30eb\u30d5\u30a1\u30d9\u30c3\u30c8\u9806\">\u8535\u5143\u540d<\/span><\/th>\n<th class=\"{sorter:'metadata'}\"><span class=\"lang-fr\" title=\"par ordre alphab\u00e9tique\">Pr\u00e9fecture<\/span><span class=\"lang-ja\" title=\"\u770c\u756a\u53f7\u9806\">\u90fd\u9053\u5e9c\u770c<\/span><\/th>\n<\/tr>\n<\/thead>\n<tbody>\n<tr class=\"defaultclickable\"><th><a href=\"https:\/\/kuramaster.com\/search\/fr\/wine\/n4964044046256\"><span class=\"lang-fr\">Tokujo Koshu2024<\/span><span class=\"lang-ja\">\u7279\u91b8\u7532\u5dde2024<\/span><\/a><\/th><td><a href=\"https:\/\/kuramaster.com\/search\/fr\/kuramoto\/monde-winery-co-ltd-fr\/\" rel=\"tag\">Monde Winery<\/a><\/td><td class=\"{sortValue:'19'}\"><a href=\"https:\/\/kuramaster.com\/search\/fr\/region\/yamanashi\/\" rel=\"tag\">Yamanashi<\/a><\/td><\/tr><tr class=\"defaultclickable\"><th><a href=\"https:\/\/kuramaster.com\/search\/fr\/wine\/n4580079860331\"><span class=\"lang-fr\">Zephyr Koshu<\/span><span class=\"lang-ja\">\u30bc\u30d5\u30a3\u30fc\u30eb\u3000\u7532\u5dde<\/span><\/a><\/th><td><a href=\"https:\/\/kuramaster.com\/search\/fr\/kuramoto\/mirai-farm-yamato-co-ltd-fr\/\" rel=\"tag\">Mirai Farm Yamato<\/a><\/td><td class=\"{sortValue:'4'}\"><a href=\"https:\/\/kuramaster.com\/search\/fr\/region\/miyagi\/\" rel=\"tag\">Miyagi<\/a><\/td><\/tr><\/tbody><\/table>\n<\/div>\n\n<div class=\"km-category-wrap wine\">\n<h2 id=\"muscat-bailey-a-2026-platinum\" class=\"km-category-title wine muscat bailey a 2026 platinum\">Muscat Bailey A : M\u00e9daille de Platine 2026<\/h2>\n<table id=\"table6\" class=\"sortable  wine\">\n<thead>\n<tr>\n<th><span class=\"lang-fr\" title=\"par ordre alphab\u00e9tique\">Nom du sak\u00e9<\/span><span class=\"lang-ja\" title=\"\u30a2\u30eb\u30d5\u30a1\u30d9\u30c3\u30c8\u9806\">\u51fa\u54c1\u9152\u540d<\/span><\/th>\n<th><span class=\"lang-fr\" title=\"par ordre alphab\u00e9tique\">Kuramoto<\/span><span class=\"lang-ja\" title=\"\u30a2\u30eb\u30d5\u30a1\u30d9\u30c3\u30c8\u9806\">\u8535\u5143\u540d<\/span><\/th>\n<th class=\"{sorter:'metadata'}\"><span class=\"lang-fr\" title=\"par ordre alphab\u00e9tique\">Pr\u00e9fecture<\/span><span class=\"lang-ja\" title=\"\u770c\u756a\u53f7\u9806\">\u90fd\u9053\u5e9c\u770c<\/span><\/th>\n<\/tr>\n<\/thead>\n<tbody>\n<tr class=\"defaultclickable\"><th><a href=\"https:\/\/kuramaster.com\/search\/fr\/wine\/n4520459111837\"><span class=\"lang-fr\">R359 SANGOKU<\/span><span class=\"lang-ja\">R359 \u30b5\u30f3\u30b4\u30af<\/span><\/a><\/th><td><a href=\"https:\/\/kuramaster.com\/search\/fr\/kuramoto\/horaisun-winery-co-ltd-fr\/\" rel=\"tag\">Horaisun Winery<\/a><\/td><td class=\"{sortValue:'16'}\"><a href=\"https:\/\/kuramaster.com\/search\/fr\/region\/toyama\/\" rel=\"tag\">Toyama<\/a><\/td><\/tr><\/tbody><\/table>\n<\/div>\n\n<div class=\"km-category-wrap wine\">\n<h2 id=\"muscat-bailey-a-2026-gold\" class=\"km-category-title wine muscat bailey a 2026 gold\">Muscat Bailey A : M\u00e9daille d\u2019Or 2026<\/h2>\n<table id=\"table7\" class=\"sortable  wine\">\n<thead>\n<tr>\n<th><span class=\"lang-fr\" title=\"par ordre alphab\u00e9tique\">Nom du sak\u00e9<\/span><span class=\"lang-ja\" title=\"\u30a2\u30eb\u30d5\u30a1\u30d9\u30c3\u30c8\u9806\">\u51fa\u54c1\u9152\u540d<\/span><\/th>\n<th><span class=\"lang-fr\" title=\"par ordre alphab\u00e9tique\">Kuramoto<\/span><span class=\"lang-ja\" title=\"\u30a2\u30eb\u30d5\u30a1\u30d9\u30c3\u30c8\u9806\">\u8535\u5143\u540d<\/span><\/th>\n<th class=\"{sorter:'metadata'}\"><span class=\"lang-fr\" title=\"par ordre alphab\u00e9tique\">Pr\u00e9fecture<\/span><span class=\"lang-ja\" title=\"\u770c\u756a\u53f7\u9806\">\u90fd\u9053\u5e9c\u770c<\/span><\/th>\n<\/tr>\n<\/thead>\n<tbody>\n<tr class=\"defaultclickable\"><th><a href=\"https:\/\/kuramaster.com\/search\/fr\/wine\/n4589872671939\"><span class=\"lang-fr\">Aldebaran 2025<\/span><span class=\"lang-ja\">\u30a2\u30eb\u30c7\u30d0\u30e9\u30f3 2025<\/span><\/a><\/th><td><a href=\"https:\/\/kuramaster.com\/search\/fr\/kuramoto\/yokohama-winery-company-fr\/\" rel=\"tag\">Yokohama Winery &amp; Company<\/a><\/td><td class=\"{sortValue:'14'}\"><a href=\"https:\/\/kuramaster.com\/search\/fr\/region\/kanagawa\/\" rel=\"tag\">Kanagawa<\/a><\/td><\/tr><tr class=\"defaultclickable\"><th><a href=\"https:\/\/kuramaster.com\/search\/fr\/wine\/n4580079860386\"><span class=\"lang-fr\">Zephyr Muscat Bailey A<\/span><span class=\"lang-ja\">\u30bc\u30d5\u30a3\u30fc\u30eb\u3000\u30de\u30b9\u30ab\u30c3\u30c8\u30d9\u30fc\u30ea\u30fcA<\/span><\/a><\/th><td><a href=\"https:\/\/kuramaster.com\/search\/fr\/kuramoto\/mirai-farm-yamato-co-ltd-fr\/\" rel=\"tag\">Mirai Farm Yamato<\/a><\/td><td class=\"{sortValue:'4'}\"><a href=\"https:\/\/kuramaster.com\/search\/fr\/region\/miyagi\/\" rel=\"tag\">Miyagi<\/a><\/td><\/tr><\/tbody><\/table>\n<\/div>\n\n<p><!-- end --><\/p>\n","protected":false},"excerpt":{"rendered":"<p>Vins japonais Prix du Pr\u00e9sident Vins japonais Prix du Jury K\u014dsh\u016b : M\u00e9daille de Platine K\u014dsh\u016b : M\u00e9daille d\u2019Or M [&hellip;]<\/p>\n","protected":false},"author":1,"featured_media":14942,"parent":13341,"menu_order":0,"comment_status":"closed","ping_status":"closed","template":"","meta":[],"tags":[],"lang":"fr","translations":{"fr":20859,"ja":20851},"pll_sync_post":[],"_links":{"self":[{"href":"https:\/\/kuramaster.com\/search\/wp-json\/wp\/v2\/pages\/20859"}],"collection":[{"href":"https:\/\/kuramaster.com\/search\/wp-json\/wp\/v2\/pages"}],"about":[{"href":"https:\/\/kuramaster.com\/search\/wp-json\/wp\/v2\/types\/page"}],"author":[{"embeddable":true,"href":"https:\/\/kuramaster.com\/search\/wp-json\/wp\/v2\/users\/1"}],"replies":[{"embeddable":true,"href":"https:\/\/kuramaster.com\/search\/wp-json\/wp\/v2\/comments?post=20859"}],"version-history":[{"count":6,"href":"https:\/\/kuramaster.com\/search\/wp-json\/wp\/v2\/pages\/20859\/revisions"}],"predecessor-version":[{"id":22606,"href":"https:\/\/kuramaster.com\/search\/wp-json\/wp\/v2\/pages\/20859\/revisions\/22606"}],"up":[{"embeddable":true,"href":"https:\/\/kuramaster.com\/search\/wp-json\/wp\/v2\/pages\/13341"}],"wp:featuredmedia":[{"embeddable":true,"href":"https:\/\/kuramaster.com\/search\/wp-json\/wp\/v2\/media\/14942"}],"wp:attachment":[{"href":"https:\/\/kuramaster.com\/search\/wp-json\/wp\/v2\/media?parent=20859"}],"wp:term":[{"taxonomy":"post_tag","embeddable":true,"href":"https:\/\/kuramaster.com\/search\/wp-json\/wp\/v2\/tags?post=20859"}],"curies":[{"name":"wp","href":"https:\/\/api.w.org\/{rel}","templated":true}]}}