{"id":13345,"date":"2025-05-23T19:33:42","date_gmt":"2025-05-23T17:33:42","guid":{"rendered":"https:\/\/kuramaster.com\/search\/?page_id=13345"},"modified":"2025-06-22T16:35:49","modified_gmt":"2025-06-22T14:35:49","slug":"laureats-2025","status":"publish","type":"page","link":"https:\/\/kuramaster.com\/search\/fr\/wine\/laureats-2025\/","title":{"rendered":"Les laur\u00e9ats du concours Kura Master 2025 Vins Japonais"},"content":{"rendered":"<pre style=\"display:none\"><style>\r\n.notice{\r\n\tborder:1px solid #CC8262;\r\n\tpadding:2px 14px;margin-bottom:20px;\r\n}\r\nbody .entry .notice p{\r\n\tfont-size:14px;\tmargin:12px 0;\r\n\tline-height:18px;\r\n}\r\n<\/style>\r\n<script src=\"\/js\/tablesorter\/jquery.metadata.js\" type=\"text\/javascript\"><\/script>\r\n<script src=\"\/js\/tablesorter\/jquery.tablesorter.min.js\" type=\"text\/javascript\"><\/script>\r\n<script src=\"\/js\/jquery.highlight-5.js\" type=\"text\/javascript\"><\/script>\r\n<script src=\"\/js\/table-sort-search.js\" type=\"text\/javascript\"><\/script><\/pre>\n<p id=\"video_jury\" class=\"video\" style=\"margin-bottom:20px;\"><iframe loading=\"lazy\" width=\"900\" height=\"506\" src=\"https:\/\/www.youtube.com\/embed\/b0BdCVMumls?rel=0&#038;start=459&#038;cc_load_policy=0&#038;enablejsapi=0\" frameborder=\"0\" allow=\"accelerometer; autoplay; encrypted-media; gyroscope; picture-in-picture\" allowfullscreen><\/iframe><\/p>\n<ul class=\"blocks col-2 columns-2 wine\" style=\"margin-bottom:0;display:block;\">\n<li><a href=\"#wine-jury-2025\">Vins japonais Prix du Jury<\/a><\/li>\n<li class=\"blank\"><\/li>\n<\/ul>\n<ul class=\"blocks col-4 columns-4 wine\">\n<li><a href=\"#wine-top-2025\" class=\"color-1\">Prix d&#8217;excellence vins japonais<\/a><\/li>\n<li><a href=\"#wine-finalists-2025\"> Finalistes vins japonais<\/a><\/li>\n<li><a href=\"#koushuu-2025-platinum\">K\u014dsh\u016b : M\u00e9daille de Platine<\/a><\/li>\n<li><a href=\"#koushuu-2025-gold\">K\u014dsh\u016b : M\u00e9daille d\u2019Or<\/a><\/li>\n<\/ul>\n<div class=\"searchin-page margin-bottom-x2\">\n<input type=\"text\" id=\"search-word\"><input type=\"button\" onclick=\"doHighlight();\" value=\"Rechercher\" class=\"btn_search\"> <input type=\"button\" value=\"R\u00e9initialiser\" class=\"btn_reset\">\n<\/div>\n<div class=\"elem\">\n<p class=\"clear\"><small class=\"top-2025 best5ex\">&hellip; Prix d&#8217;excellence 2025<\/small><\/p>\n<\/div>\n<div class=\"km-category-wrap wine\">\n<h2 id=\"wine-jury-2025\" class=\"km-category-title wine wine jury 2025\">Vins japonais Prix du Jury 2025<\/h2>\n<table id=\"table0\" class=\"sortable  wine\">\n<thead>\n<tr>\n<th class=\"{sorter:'metadata'}\"><span class=\"lang-fr\">Cat\u00e9gorie<\/span><span class=\"lang-ja\">\u51fa\u54c1\u90e8\u9580<\/span><\/th>\n<th><span class=\"lang-fr\" title=\"par ordre alphab\u00e9tique\">Nom du sak\u00e9<\/span><span class=\"lang-ja\" title=\"\u30a2\u30eb\u30d5\u30a1\u30d9\u30c3\u30c8\u9806\">\u51fa\u54c1\u9152\u540d<\/span><\/th>\n<th><span class=\"lang-fr\" title=\"par ordre alphab\u00e9tique\">Kuramoto<\/span><span class=\"lang-ja\" title=\"\u30a2\u30eb\u30d5\u30a1\u30d9\u30c3\u30c8\u9806\">\u8535\u5143\u540d<\/span><\/th>\n<th class=\"{sorter:'metadata'}\"><span class=\"lang-fr\" title=\"par ordre alphab\u00e9tique\">Pr\u00e9fecture<\/span><span class=\"lang-ja\" title=\"\u770c\u756a\u53f7\u9806\">\u90fd\u9053\u5e9c\u770c<\/span><\/th>\n<\/tr>\n<\/thead>\n<tbody>\n<tr class=\"defaultclickable top-2025\"><th class=\"{sortValue:'60'} bumon\"><span class=\"lang-ja\">\u7532\u5dde\u90e8\u9580<\/span><span class=\"lang-fr\">K\u014dsh\u016b<\/span><\/th>\n<th><a href=\"https:\/\/kuramaster.com\/search\/fr\/wine\/n4976881423763\"><span class=\"lang-fr\">Ch\u00e2teau Mars Koshu Verdinho 2024<\/span><span class=\"lang-ja\">\u30b7\u30e3\u30c8\u30fc\u30de\u30eb\u30b9\u3000\u7532\u5dde\u30f4\u30a7\u30eb\u30c7\u30a3\u30fc\u30cb\u30e7\u30002024<\/span><\/a><\/th><td><a href=\"https:\/\/kuramaster.com\/search\/fr\/kuramoto\/hombo-shuzo-co-ltd\/\" rel=\"tag\">Hombo Shuzo<\/a>, <a href=\"https:\/\/kuramaster.com\/search\/fr\/kuramoto\/hombo-shuzo-co-ltd-mars-hosaka-winery\/\" rel=\"tag\">Hombo Shuzo Mars Hosaka Winery<\/a><\/td><td class=\"{sortValue:'19'}\"><a href=\"https:\/\/kuramaster.com\/search\/fr\/region\/yamanashi\/\" rel=\"tag\">Yamanashi<\/a><\/td><\/tr><\/tbody><\/table>\n<\/div>\n\n<div class=\"km-category-wrap wine\">\n<h2 id=\"wine-top-2025\" class=\"km-category-title wine wine top 2025\">Prix d'excellence vins japonais 2025<\/h2>\n<table id=\"table4\" class=\"sortable  wine\">\n<thead>\n<tr>\n<th><span class=\"lang-fr\" title=\"par ordre alphab\u00e9tique\">Nom du sak\u00e9<\/span><span class=\"lang-ja\" title=\"\u30a2\u30eb\u30d5\u30a1\u30d9\u30c3\u30c8\u9806\">\u51fa\u54c1\u9152\u540d<\/span><\/th>\n<th><span class=\"lang-fr\" title=\"par ordre alphab\u00e9tique\">Kuramoto<\/span><span class=\"lang-ja\" title=\"\u30a2\u30eb\u30d5\u30a1\u30d9\u30c3\u30c8\u9806\">\u8535\u5143\u540d<\/span><\/th>\n<th class=\"{sorter:'metadata'}\"><span class=\"lang-fr\" title=\"par ordre alphab\u00e9tique\">Pr\u00e9fecture<\/span><span class=\"lang-ja\" title=\"\u770c\u756a\u53f7\u9806\">\u90fd\u9053\u5e9c\u770c<\/span><\/th>\n<\/tr>\n<\/thead>\n<tbody>\n<tr class=\"defaultclickable top-2025\"><th><a href=\"https:\/\/kuramaster.com\/search\/fr\/wine\/n4937466204290\"><span class=\"lang-fr\">La Feuille Taru Koshu 2023<\/span><span class=\"lang-ja\">\u30e9\u30d5\u30a3\u30fc\u30e6\u6a3d\u7532\u5dde 2023<\/span><\/a><\/th><td><a href=\"https:\/\/kuramaster.com\/search\/fr\/kuramoto\/hombo-shuzo-co-ltd-mars-hosaka-winery-2\/\" rel=\"tag\">Maruki Winery<\/a><\/td><td class=\"{sortValue:'19'}\"><a href=\"https:\/\/kuramaster.com\/search\/fr\/region\/yamanashi\/\" rel=\"tag\">Yamanashi<\/a><\/td><\/tr><tr class=\"defaultclickable top-2025\"><th><a href=\"https:\/\/kuramaster.com\/search\/fr\/wine\/n4901777420892\"><span class=\"lang-fr\">Suntory From Farm Tomi no Oka Koshu 2023<\/span><span class=\"lang-ja\">\u30b5\u30f3\u30c8\u30ea\u30fc\u3000\u30d5\u30ed\u30e0\u30d5\u30a1\u30fc\u30e0\u3000\u767b\u7f8e\u306e\u4e18\u3000\u7532\u5dde\u3000\uff12\uff10\uff12\uff13<\/span><\/a><\/th><td><a href=\"https:\/\/kuramaster.com\/search\/fr\/kuramoto\/suntory-spirits-limited-fr\/\" rel=\"tag\">Suntory Spirits Limited<\/a><\/td><td class=\"{sortValue:'13'}\"><a href=\"https:\/\/kuramaster.com\/search\/fr\/region\/tokyo\/\" rel=\"tag\">Tokyo<\/a><\/td><\/tr><tr class=\"defaultclickable top-2025\"><th><a href=\"https:\/\/kuramaster.com\/search\/fr\/wine\/n4976881423763\"><span class=\"lang-fr\">Ch\u00e2teau Mars Koshu Verdinho 2024<\/span><span class=\"lang-ja\">\u30b7\u30e3\u30c8\u30fc\u30de\u30eb\u30b9\u3000\u7532\u5dde\u30f4\u30a7\u30eb\u30c7\u30a3\u30fc\u30cb\u30e7\u30002024<\/span><\/a><\/th><td><a href=\"https:\/\/kuramaster.com\/search\/fr\/kuramoto\/hombo-shuzo-co-ltd\/\" rel=\"tag\">Hombo Shuzo<\/a>, <a href=\"https:\/\/kuramaster.com\/search\/fr\/kuramoto\/hombo-shuzo-co-ltd-mars-hosaka-winery\/\" rel=\"tag\">Hombo Shuzo Mars Hosaka Winery<\/a><\/td><td class=\"{sortValue:'19'}\"><a href=\"https:\/\/kuramaster.com\/search\/fr\/region\/yamanashi\/\" rel=\"tag\">Yamanashi<\/a><\/td><\/tr><\/tbody><\/table>\n<\/div>\n\n<div class=\"km-category-wrap wine\">\n<h2 id=\"wine-finalists-2025\" class=\"km-category-title wine wine finalists 2025\">Finalistes vins japonais 2025<\/h2>\n<table id=\"table5\" class=\"sortable  wine\">\n<thead>\n<tr>\n<th><span class=\"lang-fr\" title=\"par ordre alphab\u00e9tique\">Nom du sak\u00e9<\/span><span class=\"lang-ja\" title=\"\u30a2\u30eb\u30d5\u30a1\u30d9\u30c3\u30c8\u9806\">\u51fa\u54c1\u9152\u540d<\/span><\/th>\n<th><span class=\"lang-fr\" title=\"par ordre alphab\u00e9tique\">Kuramoto<\/span><span class=\"lang-ja\" title=\"\u30a2\u30eb\u30d5\u30a1\u30d9\u30c3\u30c8\u9806\">\u8535\u5143\u540d<\/span><\/th>\n<th class=\"{sorter:'metadata'}\"><span class=\"lang-fr\" title=\"par ordre alphab\u00e9tique\">Pr\u00e9fecture<\/span><span class=\"lang-ja\" title=\"\u770c\u756a\u53f7\u9806\">\u90fd\u9053\u5e9c\u770c<\/span><\/th>\n<\/tr>\n<\/thead>\n<tbody>\n<tr class=\"defaultclickable top-2025\"><th><a href=\"https:\/\/kuramaster.com\/search\/fr\/wine\/n4937466204290\"><span class=\"lang-fr\">La Feuille Taru Koshu 2023<\/span><span class=\"lang-ja\">\u30e9\u30d5\u30a3\u30fc\u30e6\u6a3d\u7532\u5dde 2023<\/span><\/a><\/th><td><a href=\"https:\/\/kuramaster.com\/search\/fr\/kuramoto\/hombo-shuzo-co-ltd-mars-hosaka-winery-2\/\" rel=\"tag\">Maruki Winery<\/a><\/td><td class=\"{sortValue:'19'}\"><a href=\"https:\/\/kuramaster.com\/search\/fr\/region\/yamanashi\/\" rel=\"tag\">Yamanashi<\/a><\/td><\/tr><tr class=\"defaultclickable top-2025\"><th><a href=\"https:\/\/kuramaster.com\/search\/fr\/wine\/n4901777420892\"><span class=\"lang-fr\">Suntory From Farm Tomi no Oka Koshu 2023<\/span><span class=\"lang-ja\">\u30b5\u30f3\u30c8\u30ea\u30fc\u3000\u30d5\u30ed\u30e0\u30d5\u30a1\u30fc\u30e0\u3000\u767b\u7f8e\u306e\u4e18\u3000\u7532\u5dde\u3000\uff12\uff10\uff12\uff13<\/span><\/a><\/th><td><a href=\"https:\/\/kuramaster.com\/search\/fr\/kuramoto\/suntory-spirits-limited-fr\/\" rel=\"tag\">Suntory Spirits Limited<\/a><\/td><td class=\"{sortValue:'13'}\"><a href=\"https:\/\/kuramaster.com\/search\/fr\/region\/tokyo\/\" rel=\"tag\">Tokyo<\/a><\/td><\/tr><tr class=\"defaultclickable\"><th><a href=\"https:\/\/kuramaster.com\/search\/fr\/wine\/n4906498014221\"><span class=\"lang-fr\">HIKARI Koshu 2022<\/span><span class=\"lang-ja\">\u5149\u7532\u5dde2022<\/span><\/a><\/th><td><a href=\"https:\/\/kuramaster.com\/search\/fr\/kuramoto\/lumiere-co-ltd\/\" rel=\"tag\">Lumiere Winery<\/a><\/td><td class=\"{sortValue:'19'}\"><a href=\"https:\/\/kuramaster.com\/search\/fr\/region\/yamanashi\/\" rel=\"tag\">Yamanashi<\/a><\/td><\/tr><tr class=\"defaultclickable top-2025\"><th><a href=\"https:\/\/kuramaster.com\/search\/fr\/wine\/n4976881423763\"><span class=\"lang-fr\">Ch\u00e2teau Mars Koshu Verdinho 2024<\/span><span class=\"lang-ja\">\u30b7\u30e3\u30c8\u30fc\u30de\u30eb\u30b9\u3000\u7532\u5dde\u30f4\u30a7\u30eb\u30c7\u30a3\u30fc\u30cb\u30e7\u30002024<\/span><\/a><\/th><td><a href=\"https:\/\/kuramaster.com\/search\/fr\/kuramoto\/hombo-shuzo-co-ltd\/\" rel=\"tag\">Hombo Shuzo<\/a>, <a href=\"https:\/\/kuramaster.com\/search\/fr\/kuramoto\/hombo-shuzo-co-ltd-mars-hosaka-winery\/\" rel=\"tag\">Hombo Shuzo Mars Hosaka Winery<\/a><\/td><td class=\"{sortValue:'19'}\"><a href=\"https:\/\/kuramaster.com\/search\/fr\/region\/yamanashi\/\" rel=\"tag\">Yamanashi<\/a><\/td><\/tr><\/tbody><\/table>\n<\/div>\n\n<div class=\"km-category-wrap wine\">\n<h2 id=\"koushuu-2025-platinum\" class=\"km-category-title wine koushuu 2025 platinum\">K\u014dsh\u016b : M\u00e9daille de Platine 2025<\/h2>\n<table id=\"table2\" class=\"sortable  wine\">\n<thead>\n<tr>\n<th><span class=\"lang-fr\" title=\"par ordre alphab\u00e9tique\">Nom du sak\u00e9<\/span><span class=\"lang-ja\" title=\"\u30a2\u30eb\u30d5\u30a1\u30d9\u30c3\u30c8\u9806\">\u51fa\u54c1\u9152\u540d<\/span><\/th>\n<th><span class=\"lang-fr\" title=\"par ordre alphab\u00e9tique\">Kuramoto<\/span><span class=\"lang-ja\" title=\"\u30a2\u30eb\u30d5\u30a1\u30d9\u30c3\u30c8\u9806\">\u8535\u5143\u540d<\/span><\/th>\n<th class=\"{sorter:'metadata'}\"><span class=\"lang-fr\" title=\"par ordre alphab\u00e9tique\">Pr\u00e9fecture<\/span><span class=\"lang-ja\" title=\"\u770c\u756a\u53f7\u9806\">\u90fd\u9053\u5e9c\u770c<\/span><\/th>\n<\/tr>\n<\/thead>\n<tbody>\n<tr class=\"defaultclickable top-2025\"><th><a href=\"https:\/\/kuramaster.com\/search\/fr\/wine\/n4937466204290\"><span class=\"lang-fr\">La Feuille Taru Koshu 2023<\/span><span class=\"lang-ja\">\u30e9\u30d5\u30a3\u30fc\u30e6\u6a3d\u7532\u5dde 2023<\/span><\/a><\/th><td><a href=\"https:\/\/kuramaster.com\/search\/fr\/kuramoto\/hombo-shuzo-co-ltd-mars-hosaka-winery-2\/\" rel=\"tag\">Maruki Winery<\/a><\/td><td class=\"{sortValue:'19'}\"><a href=\"https:\/\/kuramaster.com\/search\/fr\/region\/yamanashi\/\" rel=\"tag\">Yamanashi<\/a><\/td><\/tr><tr class=\"defaultclickable top-2025\"><th><a href=\"https:\/\/kuramaster.com\/search\/fr\/wine\/n4901777420892\"><span class=\"lang-fr\">Suntory From Farm Tomi no Oka Koshu 2023<\/span><span class=\"lang-ja\">\u30b5\u30f3\u30c8\u30ea\u30fc\u3000\u30d5\u30ed\u30e0\u30d5\u30a1\u30fc\u30e0\u3000\u767b\u7f8e\u306e\u4e18\u3000\u7532\u5dde\u3000\uff12\uff10\uff12\uff13<\/span><\/a><\/th><td><a href=\"https:\/\/kuramaster.com\/search\/fr\/kuramoto\/suntory-spirits-limited-fr\/\" rel=\"tag\">Suntory Spirits Limited<\/a><\/td><td class=\"{sortValue:'13'}\"><a href=\"https:\/\/kuramaster.com\/search\/fr\/region\/tokyo\/\" rel=\"tag\">Tokyo<\/a><\/td><\/tr><tr class=\"defaultclickable top-2025\"><th><a href=\"https:\/\/kuramaster.com\/search\/fr\/wine\/n4976881423763\"><span class=\"lang-fr\">Ch\u00e2teau Mars Koshu Verdinho 2024<\/span><span class=\"lang-ja\">\u30b7\u30e3\u30c8\u30fc\u30de\u30eb\u30b9\u3000\u7532\u5dde\u30f4\u30a7\u30eb\u30c7\u30a3\u30fc\u30cb\u30e7\u30002024<\/span><\/a><\/th><td><a href=\"https:\/\/kuramaster.com\/search\/fr\/kuramoto\/hombo-shuzo-co-ltd\/\" rel=\"tag\">Hombo Shuzo<\/a>, <a href=\"https:\/\/kuramaster.com\/search\/fr\/kuramoto\/hombo-shuzo-co-ltd-mars-hosaka-winery\/\" rel=\"tag\">Hombo Shuzo Mars Hosaka Winery<\/a><\/td><td class=\"{sortValue:'19'}\"><a href=\"https:\/\/kuramaster.com\/search\/fr\/region\/yamanashi\/\" rel=\"tag\">Yamanashi<\/a><\/td><\/tr><\/tbody><\/table>\n<\/div>\n\n<div class=\"km-category-wrap wine\">\n<h2 id=\"koushuu-2025-gold\" class=\"km-category-title wine koushuu 2025 gold\">K\u014dsh\u016b : M\u00e9daille d\u2019Or 2025<\/h2>\n<table id=\"table3\" class=\"sortable  wine\">\n<thead>\n<tr>\n<th><span class=\"lang-fr\" title=\"par ordre alphab\u00e9tique\">Nom du sak\u00e9<\/span><span class=\"lang-ja\" title=\"\u30a2\u30eb\u30d5\u30a1\u30d9\u30c3\u30c8\u9806\">\u51fa\u54c1\u9152\u540d<\/span><\/th>\n<th><span class=\"lang-fr\" title=\"par ordre alphab\u00e9tique\">Kuramoto<\/span><span class=\"lang-ja\" title=\"\u30a2\u30eb\u30d5\u30a1\u30d9\u30c3\u30c8\u9806\">\u8535\u5143\u540d<\/span><\/th>\n<th class=\"{sorter:'metadata'}\"><span class=\"lang-fr\" title=\"par ordre alphab\u00e9tique\">Pr\u00e9fecture<\/span><span class=\"lang-ja\" title=\"\u770c\u756a\u53f7\u9806\">\u90fd\u9053\u5e9c\u770c<\/span><\/th>\n<\/tr>\n<\/thead>\n<tbody>\n<tr class=\"defaultclickable\"><th><a href=\"https:\/\/kuramaster.com\/search\/fr\/wine\/n4906498014221\"><span class=\"lang-fr\">HIKARI Koshu 2022<\/span><span class=\"lang-ja\">\u5149\u7532\u5dde2022<\/span><\/a><\/th><td><a href=\"https:\/\/kuramaster.com\/search\/fr\/kuramoto\/lumiere-co-ltd\/\" rel=\"tag\">Lumiere Winery<\/a><\/td><td class=\"{sortValue:'19'}\"><a href=\"https:\/\/kuramaster.com\/search\/fr\/region\/yamanashi\/\" rel=\"tag\">Yamanashi<\/a><\/td><\/tr><tr class=\"defaultclickable\"><th><a href=\"https:\/\/kuramaster.com\/search\/fr\/wine\/n4906666500433\"><span class=\"lang-fr\">Ajimu Wine Moroya Koshu<\/span><span class=\"lang-ja\">\u5b89\u5fc3\u9662\u30ef\u30a4\u30f3\u8af8\u77e2\u7532\u5dde<\/span><\/a><\/th><td><a href=\"https:\/\/kuramaster.com\/search\/fr\/kuramoto\/sanwa-shurui-co-ltd-ajimu-budoushu-koubou\/\" rel=\"tag\">Sanwa Shurui Ajimu Budoushu Koubou<\/a><\/td><td class=\"{sortValue:'44'}\"><a href=\"https:\/\/kuramaster.com\/search\/fr\/region\/oita\/\" rel=\"tag\">Oita<\/a><\/td><\/tr><tr class=\"defaultclickable\"><th><a href=\"https:\/\/kuramaster.com\/search\/fr\/wine\/n4973480341047\"><span class=\"lang-fr\">Chateau Mercian Iwade Koshu Kiiroka Cuvee Ueno<\/span><span class=\"lang-ja\">\u30b7\u30e3\u30c8\u30fc\u30fb\u30e1\u30eb\u30b7\u30e3\u30f3\u3000\u5ca9\u51fa\u7532\u5dde\u304d\u3044\u308d\u9999\u3000\u30ad\u30e5\u30f4\u30a7\u30fb\u30a6\u30a8\u30ce<\/span><\/a><\/th><td><a href=\"https:\/\/kuramaster.com\/search\/fr\/kuramoto\/mercian-corporation\/\" rel=\"tag\">Mercian Corporation<\/a><\/td><td class=\"{sortValue:'13'}\"><a href=\"https:\/\/kuramaster.com\/search\/fr\/region\/tokyo\/\" rel=\"tag\">Tokyo<\/a><\/td><\/tr><tr class=\"defaultclickable\"><th><a href=\"https:\/\/kuramaster.com\/search\/fr\/wine\/n4908269108955\"><span class=\"lang-fr\">Soleil Levant Koshu Sur Lie 2023<\/span><span class=\"lang-ja\">\u30bd\u30ec\u30a4\u30e6\u30fb\u30eb\u30d0\u30f3\u7532\u5dde\u30b7\u30e5\u30fc\u30eb\u30ea\u30fc2023<\/span><\/a><\/th><td><a href=\"https:\/\/kuramaster.com\/search\/fr\/kuramoto\/gassan-wine\/\" rel=\"tag\">GASSAN WINE<\/a><\/td><td class=\"{sortValue:'6'}\"><a href=\"https:\/\/kuramaster.com\/search\/fr\/region\/yamagata\/\" rel=\"tag\">Yamagata<\/a><\/td><\/tr><tr class=\"defaultclickable\"><th><a href=\"https:\/\/kuramaster.com\/search\/fr\/wine\/n4524919319412\"><span class=\"lang-fr\">Ch\u00e2nmoris GI Yamanashi Koshu<\/span><span class=\"lang-ja\">\u30b7\u30e3\u30f3\u30e2\u30ea\uff27\uff29\u5c71\u68a8\u7532\u5dde<\/span><\/a><\/th><td><a href=\"https:\/\/kuramaster.com\/search\/fr\/kuramoto\/morita-koshu-winery-co-ltd\/\" rel=\"tag\">Morita Koshu Winery<\/a><\/td><td class=\"{sortValue:'19'}\"><a href=\"https:\/\/kuramaster.com\/search\/fr\/region\/yamanashi\/\" rel=\"tag\">Yamanashi<\/a><\/td><\/tr><tr class=\"defaultclickable\"><th><a href=\"https:\/\/kuramaster.com\/search\/fr\/wine\/n4524919321712\"><span class=\"lang-fr\">Ch\u00e2nmoris Kankitsu-Ka Katsunuma Koshu<\/span><span class=\"lang-ja\">\u30b7\u30e3\u30f3\u30e2\u30ea\u3000\u67d1\u6a58\u9999\u3000\u52dd\u6cbc\u7532\u5dde<\/span><\/a><\/th><td><a href=\"https:\/\/kuramaster.com\/search\/fr\/kuramoto\/morita-koshu-winery-co-ltd\/\" rel=\"tag\">Morita Koshu Winery<\/a><\/td><td class=\"{sortValue:'19'}\"><a href=\"https:\/\/kuramaster.com\/search\/fr\/region\/yamanashi\/\" rel=\"tag\">Yamanashi<\/a><\/td><\/tr><tr class=\"defaultclickable\"><th><a href=\"https:\/\/kuramaster.com\/search\/fr\/wine\/n4930434000979\"><span class=\"lang-fr\">Chateau Honjyo Koshu Sur Lie   Utatane-wa<\/span><span class=\"lang-ja\">\u30b7\u30e3\u30c8\u30fc\u30fb\u30db\u30f3\u30b8\u30e7\u30fc\u3000\u7532\u5dde\u30b7\u30e5\u30fc\u30eb\u30fb\u30ea\u30fc\u300c\u3046\u305f\u305f\u306d\u306f\u300d<\/span><\/a><\/th><td><a href=\"https:\/\/kuramaster.com\/search\/fr\/kuramoto\/iwasaki-jozo-co-ltd\/\" rel=\"tag\">Iwasaki Jozo<\/a><\/td><td class=\"{sortValue:'19'}\"><a href=\"https:\/\/kuramaster.com\/search\/fr\/region\/yamanashi\/\" rel=\"tag\">Yamanashi<\/a><\/td><\/tr><tr class=\"defaultclickable\"><th><a href=\"https:\/\/kuramaster.com\/search\/fr\/wine\/n4976881421981\"><span class=\"lang-fr\">Ch\u00e2teau Mars Hosaka Shukaku Blanc 2023<\/span><span class=\"lang-ja\">\u30b7\u30e3\u30c8\u30fc\u30de\u30eb\u30b9\u3000\u7a42\u5742\u53ce\u7a6b\u30d6\u30e9\u30f3\u30002023<\/span><\/a><\/th><td><a href=\"https:\/\/kuramaster.com\/search\/fr\/kuramoto\/hombo-shuzo-co-ltd\/\" rel=\"tag\">Hombo Shuzo<\/a>, <a href=\"https:\/\/kuramaster.com\/search\/fr\/kuramoto\/hombo-shuzo-co-ltd-mars-hosaka-winery\/\" rel=\"tag\">Hombo Shuzo Mars Hosaka Winery<\/a><\/td><td class=\"{sortValue:'19'}\"><a href=\"https:\/\/kuramaster.com\/search\/fr\/region\/yamanashi\/\" rel=\"tag\">Yamanashi<\/a><\/td><\/tr><\/tbody><\/table>\n<\/div>\n\n","protected":false},"excerpt":{"rendered":"<p>Vins japonais Prix du Jury Prix d&#8217;excellence vins japonais Finalistes vins japonais K\u014dsh\u016b : M\u00e9daille de  [&hellip;]<\/p>\n","protected":false},"author":1,"featured_media":14942,"parent":13341,"menu_order":0,"comment_status":"closed","ping_status":"closed","template":"","meta":[],"tags":[],"lang":"fr","translations":{"fr":13345,"ja":13343},"pll_sync_post":[],"_links":{"self":[{"href":"https:\/\/kuramaster.com\/search\/wp-json\/wp\/v2\/pages\/13345"}],"collection":[{"href":"https:\/\/kuramaster.com\/search\/wp-json\/wp\/v2\/pages"}],"about":[{"href":"https:\/\/kuramaster.com\/search\/wp-json\/wp\/v2\/types\/page"}],"author":[{"embeddable":true,"href":"https:\/\/kuramaster.com\/search\/wp-json\/wp\/v2\/users\/1"}],"replies":[{"embeddable":true,"href":"https:\/\/kuramaster.com\/search\/wp-json\/wp\/v2\/comments?post=13345"}],"version-history":[{"count":7,"href":"https:\/\/kuramaster.com\/search\/wp-json\/wp\/v2\/pages\/13345\/revisions"}],"predecessor-version":[{"id":15049,"href":"https:\/\/kuramaster.com\/search\/wp-json\/wp\/v2\/pages\/13345\/revisions\/15049"}],"up":[{"embeddable":true,"href":"https:\/\/kuramaster.com\/search\/wp-json\/wp\/v2\/pages\/13341"}],"wp:featuredmedia":[{"embeddable":true,"href":"https:\/\/kuramaster.com\/search\/wp-json\/wp\/v2\/media\/14942"}],"wp:attachment":[{"href":"https:\/\/kuramaster.com\/search\/wp-json\/wp\/v2\/media?parent=13345"}],"wp:term":[{"taxonomy":"post_tag","embeddable":true,"href":"https:\/\/kuramaster.com\/search\/wp-json\/wp\/v2\/tags?post=13345"}],"curies":[{"name":"wp","href":"https:\/\/api.w.org\/{rel}","templated":true}]}}